b + 5440 - w*b - 5442 + 2*b. Determine t(-1).
5
Let z(k) = k**3 + 4*k**2 + k + 6. Let o = 1162 + -1166. What is z(o)?
2
Let o(f) = f**3 - 10*f**2 - 22*f - 11. Suppose -y = 5*k - 53, 2316*k + 88 = 2321*k - 4*y. Give o(k).
13
Let h(m) = 2*m + 6. Let f = 405 + -357. Suppose 2*o - f = 7*o - s, -5*o = 2*s + 54. Give h(o).
-14
Let r(l) = l**3 + 2*l**2 + l + 8. Suppose 3*v + 0 = -3*z - 9, 4*z = 3*v + 16. Determine r(v).
-28
Let k(l) = l - 7. Let d be (-32)/20*(-15)/6. Suppose -c - 99 = 3*i - 4*c, -d*c = 5*i + 129. Let n = 34 + i. What is k(n)?
-2
Let s(r) = r + 12. Let l be s(-6). Let z(k) = -3*k - 3. Let c(i) = -9 - 26 + 400*i + 5 - 430*i. Let t(p) = 2*c(p) - 21*z(p). What is t(l)?
21
Suppose 2*p + p = -12. Let b be 2 - (-1 + (-2 - p)). Let t(q) = -354042150*q**2 + 9*q**3 + 354042150*q**2 - 1. Calculate t(b).
8
Let b = -35 + 39. Suppose w - b*v = -8 + 2, 33 = -w - 5*v. Let k(r) = r**2 + 19*r + 16. Let i be k(w). Let d(y) = -2*y**2 - y + 1. Calculate d(i).
-5
Let x(q) be the first derivative of q**4/4 + 8*q**3/3 + 15*q**2/2 - 11*q + 5354. Give x(-7).
-67
Let w(l) be the third derivative of l**6/60 + l**5/10 + l**4/3 + 17*l**3/6 + 84*l**2 + 6*l - 2. Give w(-4).
-47
Let h(z) = -z**3 - 7*z**2 - 2*z + 1. Let f(g) = -6*g**3 - 41*g**2 - 23*g + 3. Let s(k) = f(k) - 7*h(k). Determine s(-9).
-4
Suppose -30 = 5*f - 10*f. Suppose -13*z + f = 19. Let k(b) be the third derivative of 3*b**4/4 + b**3/6 - b**2. What is k(z)?
-17
Let l(p) = p**2 - 11*p - 9. Let c(z) = -z**3 - 3*z**2 + 2*z. Let b be c(-4). Suppose -5*h = -10, -h + 30 = 2*x + b. Give l(x).
-19
Let f(s) = 15*s - 6. Let t(h) = -28*h + 14. Let q(z) = 7*f(z) + 4*t(z). Let m(d) = d - 1. Let l(k) = 6*m(k) + q(k). Let v be (-2 + 1)*0/2. What is l(v)?
8
Let u(k) = -3*k + 64. Suppose 462 = -255*t + 276*t. What is u(t)?
-2
Let u(m) = m**3 - 15*m**2 + 7*m - 18. Let d = -1164 - -1179. Give u(d).
87
Let x = 33 - -69. Let d = 107 - x. Suppose 0*s - p = 5*s + 7, -4 = d*s + 2*p. Let t(q) = q**2 - 2. Give t(s).
2
Let x be ((-3)/5)/((-18)/120). Let z(l) = -11*l + 39. Give z(x).
-5
Suppose 3*a = -15, -2*a = -n + 3*a + 18. Let b = 9 + n. Let c(t) be the third derivative of t**4/6 + t**3/3 - 7*t**2 + 17*t. Calculate c(b).
10
Let j(a) = -4*a**2 + 7*a - 10. Let v(d) = -d**2 + 2*d - 3. Let w be 3*((-48)/(-18) + -5). Let o(y) = w*v(y) + 2*j(y). What is o(2)?
-3
Suppose 2*k - 6 = 14. Let c(d) be the third derivative of d**4/24 - 3*d**3/2 - 365*d**2. Give c(k).
1
Let d(z) = 50*z**3 - 3*z**2 + z. Let h = 854 - 853. Determine d(h).
48
Let w(m) = 29*m + 7. Suppose 55 = -23*n + 132 - 8. Determine w(n).
94
Let v(d) be the third derivative of -d**5/60 + d**4/12 + 11*d**3/2 - 785*d**2. Give v(7).
-2
Let o(n) = 38*n**2. Suppose 984 = 58*r - 524. Suppose 0 = -r*h - 50 + 76. What is o(h)?
38
Suppose 9*o + 80 = 4*o. Suppose -3*l - 65 = -4*d, 2*l = -3*d + 8*d - 41. Let c = l - o. Let s(v) = -v**2 - 8*v - 8. Give s(c).
-1
Let b(n) = -n**3 + n**2 - 11. Let l(a) = -2*a**3 - a - 37. Let c(u) = -3*b(u) + l(u). Calculate c(3).
-7
Let c(i) = -2*i**3 + 36*i**2 + 2*i + 27. Let x be c(18). Let h(n) = -x*n**2 + 62*n**2 - 8*n + 9*n. What is h(2)?
-2
Let d = -149 + 528. Suppose -4*g = -371 + d. Let y(v) = 3*v**2 + v. What is y(g)?
10
Let g(k) = k**3 + 12*k**2 - 6*k + 6. Let v = 5314 + -5326. Calculate g(v).
78
Let o(l) = 13*l + 54. Let x be o(-4). Let s(k) = -4*k + 3*k + 20 - 21. Give s(x).
-3
Let c(n) = 7 + 61*n - 129*n + n**3 + 60*n - 11 - 7*n**2. Let x(j) = 8*j**2 - j + 1. Let v be x(1). Determine c(v).
-4
Let z(j) = j - 4. Let p be 90/(-27) - 2/3. Let t be -10*p/(-40)*-6. Let m(d) = -9*d + 57. Let n be m(t). Determine z(n).
-1
Let s be ((-2)/2 - -2)/1 + 44. Let n(m) = 4 + 5 + 43*m - s*m. What is n(7)?
-5
Let c(a) = -a**2 + 14*a - 10. Let v(d) = -2*d**2 + 8*d + 67. Let n be v(8). Suppose 27 = 2*y - t, -n*t + 10 = y - 7. Calculate c(y).
-10
Let b(i) = i**2 + 12*i + 35. Let w be b(-18). Suppose -51*t + 265 = -w. Let m(l) = -l**3 + 7*l**2 + 6*l + 14. What is m(t)?
-2
Let x(h) = -2*h + 3. Let c(b) = 2*b - 3. Let o(g) = -6*c(g) - 4*x(g). Let z(f) = f - 2. Let n(d) = -2*o(d) - 7*z(d). Give n(-7).
-5
Suppose -z + 16 = 7*z. Suppose 3*m - 5*a + 0*a = 47, -z*a = 3*m - 19. Let q(k) = 7*k + m*k - k + 0 + 1. Calculate q(-1).
-14
Let y(z) = -4*z + 21. Let v = -8315 + 8323. Give y(v).
-11
Let i be (3 - -2) + -2 + 13. Let f(m) = -4*m - m + 3*m - i + 11. Determine f(-6).
7
Suppose 5601 = 5*j - 78909. Suppose 4*o - 3*x - 8253 = 0, -j = -5*o - 4*x - 6547. Let k(n) = 2*n**2 - 6*n**2 - 2068 + o - 10*n**2. Give k(-1).
-15
Let n(p) = p**2 - p + 2. Let w = 11925 + -11925. Determine n(w).
2
Let t(n) = -n**3 + 7*n**2 - 5*n - 3. Let l be 4/14 + 453/7. Suppose 2*s - s = 0, -5*r - 5*s = -l. Suppose 12 = r*v - 11*v. Give t(v).
3
Let g(q) = q**3 + 16*q**2 + 31*q + 35. Let s = -26192 - -26178. Determine g(s).
-7
Let o be (-8)/(2 + 2) + 3. Let t(w) = 12 - 7 - o + w + 5. Give t(0).
9
Suppose 3*r - 42 = -f - 38, -3*r - 29 = 4*f. Let x(j) = j**3 + 9*j**2 - 10*j - 22. Determine x(f).
-154
Suppose 3*f + 24 = 2*l, 2*l + 8 - 2 = -2*f. Let c(u) = 7*u + 1. Determine c(l).
22
Let k(v) be the second derivative of -v**5/20 - 7*v**4/12 - 17*v**3/6 - 3*v**2 - 1204*v. Determine k(-3).
9
Let u(k) be the second derivative of k**5/20 - 2*k**4/3 + 5*k**3/6 - 2*k**2 + 3*k. Let r = 1192 + -1185. Give u(r).
-18
Let i(o) = 16*o**2 - 6*o + 4. Let s(b) = -153*b**2 + 54*b - 35. Let g(u) = 38*i(u) + 4*s(u). Determine g(-6).
-60
Let m(q) be the third derivative of q**5/20 - 7*q**4/12 - q**3/6 - 528*q**2 - q. Give m(5).
4
Let l(j) = -20*j + 583. Let o be l(29). Let x(z) = -2*z**2 + 5*z - 7. What is x(o)?
-10
Let f(i) = 63*i + 0*i + 24 - 61*i. Determine f(-5).
14
Let f(i) = -4*i + 2522 + 2518 - 7620 + 2526. Calculate f(-14).
2
Let r(o) = o**2 - 5*o. Suppose -17*d - 4 = -16*d. Let l = -1 - d. Suppose 3*c = z - 0*c - 11, -z - 4*c - l = 0. Give r(z).
0
Let a(b) = 53*b - 110*b - 173 + 60*b + 102 + b**2. Give a(-10).
-1
Let u(b) be the second derivative of b**4/8 + 3*b**3/2 + 16*b**2 - 4*b - 2. Let f(c) be the first derivative of u(c). Determine f(-8).
-15
Suppose -82 = -2*q - 74. Let s(m) = -m**3 + 2*m**2 + 6*m + 6. Let x be s(q). Let a(g) = -g**3 - 3*g**2 - g + 1. Give a(x).
-1
Let b = 224 - -173. Let o = b - 392. Let u(p) = p**2 - 3*p. Determine u(o).
10
Let z(p) = p**3 - 9*p**2 + 6*p + 33. Let x be (-44 - -60) + -4*2. Give z(x).
17
Let q(f) = 110*f - 6. Let v(z) = 303*z - 18. Let c(r) = 11*q(r) - 4*v(r). What is c(9)?
-12
Let u(m) = -4 - 3*m - 2*m**2 + m**2 - m - 2*m. Let a(s) = 3*s**2 + 12*s - 12. Let t be a(-9). Let o = t - 126. Calculate u(o).
5
Let h(n) = -n - 8. Let t be h(-10). Let k be (0 - -3)/(t - (-22)/(-14)). Let x(d) = -d**3 + 8*d**2 - 7*d + 10. Give x(k).
10
Let x(b) = 2*b - 30. Let g = -12933 - -12950. Determine x(g).
4
Let s = -390 - -216. Let t = 180 + s. Let n(v) = 2*v - 12. Let x(k) = -k + 6. Let p(z) = 6*n(z) + 11*x(z). Determine p(t).
0
Let j(o) = 12*o**2 - 9*o - 13. Let g(d) = 6*d**2 - 59*d + 43. Let k be g(9). Give j(k).
53
Let p(b) = -b - 5. Let j(k) = -k**2 - k - 4. Let l(a) = 3*j(a) - 2*p(a). Suppose -q = -42*d + 40*d - 12, 0 = 4*q - 5*d - 33. What is l(q)?
-16
Suppose 2*l - 3 - 3 = 2*w, -2*w = 6. Let s(j) be the second derivative of -1/6*j**3 + 5*j + 1/20*j**5 + l + 3*j**2 - 7/12*j**4. Calculate s(7).
-1
Let x(w) = 2*w**2 + 1. Let u(s) = s**2 + 8*s + 6. Let q(j) = u(j) + x(j). Let g be q(-2). Let m(h) = 3*h**2. Determine m(g).
27
Suppose 6*z = -17*z + 299. Suppose -2*p + z = -p - 4*y, -y = -2*p + 5. Let w(d) = 15*d**3 - 2*d + 1. Give w(p).
14
Let y(a) = 4*a**2 + 2*a - 3. Let r(j) = j**3 + 35*j**2 + 33*j - 9. Let m(s) = r(s) - 6*y(s). Determine m(-9).
-18
Let j(g) = -g**2 - 4*g + 2. Let w(k) = 4*k**2 + 17*k - 9. Let i(q) = 9*j(q) + 2*w(q). Suppose 209*c - 256 = -90*c + 118*c + 106. Give i(c).
-8
Let d(y) be the second derivative of -y**5/10 + 55*y**4/12 + 9*y**3/2 + 33*y**2/2 + 660*y. What is d(28)?
5
Let z(v) = -29148*v - 29152*v + 58297*v - 30. Calculate z(13).
-69
Let i(b) = b**2 - 7*b + 5. Let v(g) = g**2 + 14*g + 29. Let c be v(-13). Suppose 18*w - 210 = c*w. Suppose -100*d = -w*d + 30. Determine i(d).
-1
Suppose -12*n + 3331 - 3307 = 0. Let k(o) be the first derivative of -5 - 1/4*o**4 + 0*o + o**3 + n*o**2. Calculate k(4).
0
Let m(k) be the second derivative of -62*k**3/3 + k*